{"id":10025,"date":"2020-07-10T13:53:05","date_gmt":"2020-07-10T11:53:05","guid":{"rendered":"https:\/\/biblioteka.kolobrzeg.pl\/?post_type=bip&#038;p=10025"},"modified":"2020-07-10T13:54:23","modified_gmt":"2020-07-10T11:54:23","slug":"historia-biblioteki","status":"publish","type":"page","link":"https:\/\/biblioteka.kolobrzeg.pl\/index.php\/historia-biblioteki\/","title":{"rendered":"Historia Biblioteki"},"content":{"rendered":"<p>Biblioteka w Ko\u0142obrzegu jest jedn\u0105 z pierwszych bibliotek publicznych utworzonych na Pomorzu, co mia\u0142o miejsce 5 maja 1895 r. Pocz\u0105tkowo mie\u015bci\u0142a si\u0119 w podrz\u0119dnej gospodzie, p\u00f3\u017aniej w ma\u0142ym pomieszczeniu w starym domu przy ulicy Katedralnej. Kierowa\u0142 ni\u0105 nauczyciel Teodor Kempin, dzia\u0142acz spo\u0142eczny, muzeolog amator<sup>[1]<\/sup>.<\/p>\n<p>Na pocz\u0105tku lat dwudziestych XX wieku ksi\u0119gozbi\u00f3r biblioteki<em> obejmowa\u0142 oko\u0142o 3.600 wolumin\u00f3w, a roczne wypo\u017cyczenia oscylowa\u0142y wok\u00f3\u0142 28.000 tom\u00f3w. Czytelnicy w liczbie oko\u0142o 1500 rekrutowali si\u0119 ze<\/em> wszystkich warstw spo\u0142ecznych. Mogli oni korzysta\u0107 z drukowanego katalogu i bie\u017c\u0105cego rejestru kartkowego odnotowuj\u0105cego dzie\u0142a nowo nabyte.<sup>[2]<\/sup>.<\/p>\n<p>W 1926 roku, z inicjatywy Hermana Hardera<sup>[3]<\/sup>, kt\u00f3ry przekaza\u0142 miastu w darze w\u0142asne zasoby finansowe, zapad\u0142a decyzja utworzenia nowej siedziby biblioteki. Autorem projektu by\u0142 architekt miejski dr in\u017c. Heinrich G\u00f6bel.<\/p>\n<p>Budow\u0119 gmachu<sup>[4]<\/sup> przy \u00f3wczesnym Bulwarze Fryderyka (teraz ulica Jana Frankowskiego) Urz\u0105d Budowy Miasta rozpocz\u0105\u0142 jesieni\u0105 1926 r., doprowadzaj\u0105c j\u0105 do ko\u0144ca z pocz\u0105tkiem wrze\u015bnia<br \/>\n1927 r.<\/p>\n<p>Ksi\u0105\u017cnica, zwana te\u017c Domem Hardera, by\u0142a nowocze\u015bnie urz\u0105dzona. Opr\u00f3cz magazynu na 14 tys. ksi\u0105\u017cek, obejmowa\u0142a m.in. przestronn\u0105 wypo\u017cyczalni\u0119, dwie czytelnie, aul\u0119, sal\u0119 wyk\u0142adow\u0105, sal\u0119 konferencyjn\u0105, pomieszczenia dla bibliotekarzy oraz introligatorni\u0119. Chwile odpoczynku czytelnicy mogli znale\u017a\u0107 w loggiach dobudowanych przy czytelniach i po\u0142\u0105czonych z nimi kr\u0119tymi schodami (dla u\u0142atwienia kontroli oraz aby odci\u0105\u017cy\u0107 g\u0142\u00f3wne schody). W dolnej loggii usytuowana by\u0142a garderoba, na poddaszu mieszkanie dla kierownika, a w piwnicy \u2013 dla dozorcy.<\/p>\n<p>Dom Hardera by\u0142 pierwsz\u0105 tego typu bibliotek\u0105 na Pomorzu<sup>[5]<\/sup>.<\/p>\n<p>Po II wojnie \u015bwiatowej Biblioteka Powiatowa w Ko\u0142obrzegu dzia\u0142alno\u015b\u0107 rozpocz\u0119\u0142a w gmachu Zarz\u0105du Miejskiego w maju 1946 roku. Podobnie jak ponad pi\u0119\u0107dziesi\u0105t lat wcze\u015bniej aktywno\u015b\u0107 rozpoczyna\u0142a w nie\u0142atwych warunkach lokalowych.<\/p>\n<p>P\u00f3\u017aniejszy kierownik biblioteki, Jan Frankowski wspomina:<em> Przede wszystkim postawi\u0142em sobie za zadanie zdobycie odpowiedniego lokalu dla tej wa\u017cnej plac\u00f3wki, kt\u00f3ra tu\u0142a\u0142a si\u0119 dotychczas<br \/>\nw nieodpowiednich pomieszczeniach Miejskiej Rady Narodowej. Niestety \u2013 jeszcze rok biblioteka powiatowa musia\u0142a gnie\u017adzi\u0107 si\u0119 na strychu gmachu P<\/em>[owiatowej]<em> R<\/em>[ady] <em>N<\/em>[arodowej]<em>, p\u00f3ki obszerny, cho\u0107 zrujnowany gmach dawnej niemieckiej biblioteki nie zosta\u0142 doprowadzony <\/em>[1950]<em> do stanu u\u017cywalno\u015bci<\/em><sup>[6]<\/sup><em>.<\/em><\/p>\n<p>Sytuacja lokalowa uleg\u0142a nieznacznej poprawie w po\u0142owie 1950 r. Zosta\u0142a przeniesiona do pomieszcze\u0144 na parterze przedwojennego gmachu biblioteki. Spraw\u0119 jednak\u017ce komplikowa\u0142o ulokowanie w tym samym budynku Biblioteki Miejskiej, utworzonej w 1947 r. Obie instytucje mia\u0142y w posiadaniu jedynie cztery pomieszczenia. W kolejnych latach trwa\u0142y starania o zmian\u0119 tych niesprzyjaj\u0105cych warunk\u00f3w.<\/p>\n<p>W 1954 roku obie biblioteki \u2013 powiatowa i miejska \u2013 zosta\u0142y po\u0142\u0105czone.<\/p>\n<p>W 1958 r. dzia\u0142alno\u015b\u0107 rozpocz\u0119\u0142y wypo\u017cyczalnia i czytelnia dla dzieci do lat pi\u0119tnastu<sup>[7]<\/sup>.<\/p>\n<p>W 1962 r. do budynku biblioteki w\u0142adze ko\u0142obrzeskie przenios\u0142y siedzib\u0119 Powiatowego Domu Kultury<sup>[8]<\/sup>. Zosta\u0142 ulokowany na poddaszu oraz w podpiwniczeniach, w kt\u00f3rych za\u0142o\u017cy\u0142 klub PDK pod nazw\u0105 \u201eKolabrega\u201d<sup>[9]<\/sup>. Jego dzia\u0142alno\u015b\u0107 by\u0142a jednak kr\u00f3tkotrwa\u0142a, albowiem w 1966 r. lokal zosta\u0142 oddany miejscowemu oddzia\u0142owi Zwi\u0105zku Nauczycielstwa Polskiego, kt\u00f3ry otworzy\u0142<br \/>\nw miejsce klubu\u2026 sto\u0142\u00f3wk\u0119<sup>[10]<\/sup>.<\/p>\n<p>Zmiany nast\u0105pi\u0142y w 1975 r. W\u00f3wczas instytucja, ju\u017c jako Miejska Biblioteka Publiczna, otrzyma\u0142a dotychczasowe pomieszczenia Domu Kultury na drugim pi\u0119trze, ale po\u0142owa pierwszego przekazana zosta\u0142a Bibliotece Pedagogicznej. W podpiwniczeniach dzia\u0142alno\u015b\u0107 prowadzi\u0142 nadal Dom Kultury. Swoje miejsce (do 1982 r.) mia\u0142a tam r\u00f3wnie\u017c pracownia fotograficzna<sup>[11]<\/sup>.<\/p>\n<p>Brak odpowiedniej przestrzeni hamowa\u0142 rozw\u00f3j i utrudnia\u0142 prac\u0119 biblioteki. W 1981 r. wypo\u017cyczalnia dla dzieci (rocznie przewija\u0142o si\u0119 przez t\u0119 plac\u00f3wk\u0119 oko\u0142o 7 tys. najm\u0142odszych) prowadzi\u0142a dzia\u0142alno\u015b\u0107 na 19,6 m kw. powierzchni. Mie\u015bci\u0142o si\u0119 tam zaledwie 19 rega\u0142\u00f3w. Nie lepiej przedstawia\u0142a si\u0119 sytuacja wypo\u017cyczalni dla doros\u0142ych \u2013 na powierzchni 52 m kw. rozlokowano 36 rega\u0142\u00f3w oraz katalogi<sup>[12]<\/sup>.<\/p>\n<p>Pr\u00f3b\u0119 rozwi\u0105zania problemu bazy lokalowej w\u0142adze miasta podj\u0119\u0142y w po\u0142owie lat 80. Zamierzano przekaza\u0107 bibliotece pomieszczenia o powierzchni ok. 500 m kw. w nowo powstaj\u0105cym budynku przy ulicy Brzozowej.<\/p>\n<p>Ostatecznie w 1989 r. instytucja pozyska\u0142a 359 m kw. Nie rozwi\u0105za\u0142o to jednak ani kwestii stanu technicznego gmachu ni jego funkcjonalno\u015bci. Budynek coraz bardziej wymaga\u0142 gruntownego remontu.<\/p>\n<p>W 2000 r. pomieszczenia na pierwszym pi\u0119trze opu\u015bci\u0142a Biblioteka Pedagogiczna. W tym samym roku dzia\u0142alno\u015b\u0107 rozpocz\u0119\u0142y czytelnia prasy, regionalna i internetowa<sup>[13]<\/sup>.<\/p>\n<p>Prze\u0142om nast\u0105pi\u0142 po 67 latach aktywno\u015bci plac\u00f3wki w gmachu przy ulicy Jana Frankowskiego. Ksi\u0105\u017cnica na wykonanie zadania \u201eRemont i wyposa\u017cenie obiekt\u00f3w Miejskiej Biblioteki Publicznej w Ko\u0142obrzegu\u201d uzyska\u0142a dofinansowanie (1\u00a0850 180 z\u0142) ze \u015brodk\u00f3w Ministra Kultury<br \/>\ni Dziedzictwa Narodowego w ramach Programu Wieloletniego Kultura+ Priorytet \u201eBiblioteka+ Infrastruktura Bibliotek\u201d oraz z bud\u017cetu Wojew\u00f3dztwa Zachodniopomorskiego (200 000 z\u0142).<\/p>\n<p>Inwestycja rozpocz\u0119\u0142a si\u0119 w 2013, a zako\u0144czy\u0142a w 2015 r. W ramach projektu wykonano m.in:<sup>[14]<\/sup><\/p>\n<ul>\n<li>przy ulicy Jana Frankowskiego roboty remontowo\u2013budowlane obj\u0119\u0142y ca\u0142y budynek. Wewn\u0105trz obiektu po\u0142o\u017cono od nowa instalacj\u0119 sanitarn\u0105, grzewcz\u0105, elektryczn\u0105; utworzono sie\u0107 teleinformatyczn\u0105; zainstalowano urz\u0105dzenia do wentylacji<br \/>\ni klimatyzacji oraz monitoringu; wymieniono pod\u0142ogi. Budynek zosta\u0142 ocieplony (od wewn\u0105trz). Wszystkie pomieszczenia dotychczas nieu\u017cytkowane zagospodarowano: w podpiwniczeniach utworzono magazyn na zbiory z rega\u0142ami przesuwnymi, toalety, szatni\u0119 oraz sal\u0119 klubow\u0105 z mini scenk\u0105. Na drugim pi\u0119trze zorganizowano: serwerowni\u0119, miejsce pracy dla informatyka, magazyn prasy oraz archiwum. Biblioteka pozyska\u0142a te\u017c pomieszczenia na sal\u0119 wystawow\u0105 oraz pok\u00f3j socjalny<br \/>\ni \u015bniada\u0144. Roboty zewn\u0119trzne obj\u0119\u0142y remont dachu, elewacji, zagospodarowanie terenu z wydzielonym miejscem na letni\u0105 Plenerow\u0105 czytelni\u0119 prasy;<\/li>\n<li>w agendach przy ul. Brzozowej (biblioteka dzieci\u0119ca, m\u0142odzie\u017cowa oraz wypo\u017cyczalnia beletrystyki) wymieniono: stolark\u0119 okienn\u0105 i drzwiow\u0105, pod\u0142ogi, grzejniki, oprawy o\u015bwietleniowe; usuni\u0119to napisy z elewacji; zrobiono remont sanitariat\u00f3w; pomalowano \u015bciany i sufity. Plac\u00f3wki przystosowano dla os\u00f3b korzystaj\u0105cych z w\u00f3zk\u00f3w inwalidzkich (zlikwidowano progi, dostosowano kierunek otwierania drzwi oraz dostosowano toalet\u0119);<\/li>\n<li>dla os\u00f3b maj\u0105cych problemy z poruszaniem si\u0119 w siedzibie biblioteki zamontowano krzese\u0142ka przyschodowe (jedno na zewn\u0105trz, jedno \u2013 wewn\u0105trz budynku).<\/li>\n<\/ul>\n<p>W wyniku realizacji powy\u017cszego projektu, oba obiekty zosta\u0142y wyposa\u017cone i doposa\u017cone<br \/>\nw nowe meble biblioteczne oraz sprz\u0119t teleinformatyczny i telekomunikacyjny (m. in. urz\u0105dzenie wielofunkcyjne, serwer, komputery, laptopy, tablety), a reaktywowana sala klubowa w system nag\u0142o\u015bnieniowy, projektor multimedialny, krzes\u0142a oraz sk\u0142adane stoliki. Za\u015b nowo utworzona sala wystawowa oraz klatka schodowa w system wystawienniczy oraz gabloty. We wszystkich plac\u00f3wkach utworzone zosta\u0142y k\u0105ciki z wygodnymi miejscami siedz\u0105cymi dla czytelnik\u00f3w doros\u0142ych oraz dla maluch\u00f3w.<\/p>\n<p>Efekt modernizacji cieszy nie tylko bibliotekarzy, ale te\u017c mieszka\u0144c\u00f3w i turyst\u00f3w, kt\u00f3rzy nie szcz\u0119dz\u0105 pochwa\u0142.<\/p>\n<p>Po 90 latach istnienia gmach biblioteki zn\u00f3w sta\u0142 si\u0119 nowocze\u015bnie urz\u0105dzon\u0105 ksi\u0105\u017cnic\u0105. Tak oto historia zatoczy\u0142a ko\u0142o. Jesieni\u0105 2015 r.<sup>[15]<\/sup> spe\u0142ni\u0142o si\u0119 marzenie wszystkich os\u00f3b kieruj\u0105cych instytucj\u0105 i w niej pracuj\u0105cych.<\/p>\n<p>W 2016 r. sie\u0107 Biblioteki Miejskiej tworzy\u0142y:<\/p>\n<p>Biblioteka G\u0142\u00f3wna, ul. J. Frankowskiego<\/p>\n<ul>\n<li>wypo\u017cyczalnia popularnonaukowa<\/li>\n<li>czytelnia g\u0142\u00f3wna i regionalna<\/li>\n<li>czytelnia czasopism, internetowa, us\u0142ugi kserograficzne<\/li>\n<\/ul>\n<p>oddzia\u0142y przy ul. Brzozowej<\/p>\n<ul>\n<li>wypo\u017cyczalnia beletrystyki<\/li>\n<li>biblioteka dzieci\u0119ca<\/li>\n<li>biblioteka m\u0142odzie\u017cowa<\/li>\n<\/ul>\n<p>filie :<\/p>\n<ul>\n<li>Filia nr 1, ul. Czarnieckiego<\/li>\n<li>Filia nr 2, ul. Arciszewskiego<\/li>\n<\/ul>\n<p>punkty sta\u0142e :<\/p>\n<ul>\n<li>Lwowska (Zesp\u00f3\u0142 Szk\u00f3\u0142 nr 9)<\/li>\n<li>Pozna\u0144ska (Szko\u0142a Podstawowa nr 6)<\/li>\n<\/ul>\n<p>punkty sezonowe:<\/p>\n<ul>\n<li>Centrum Rehabilitacji Rolnik\u00f3w \u201eNiwa\u201d<\/li>\n<li>O\u015brodek Sanatoryjno\u2013Wypoczynkowy Uniwersytetu im. A. Mickiewicza.<\/li>\n<\/ul>\n<p><em>\u00a0<\/em>Od 2015 r. u\u017cytkownicy maj\u0105 dost\u0119p nie tylko do atrakcyjnych i dobrze wyposa\u017conych pomieszcze\u0144 bibliotecznych, ale te\u017c bezp\u0142atnych stanowisk komputerowych z dost\u0119pem do Internetu, program\u00f3w biurowych, programu prawniczego oraz us\u0142ug informacyjnych prezentowanych w sieci World Wide Web, serwisu spo\u0142eczno\u015bciowego Facebook, kt\u00f3ry pomaga przekazywa\u0107 czytelnikom informacje o aktualnych wydarzeniach, imprezach, publikacjach.<\/p>\n<p>Jednym z g\u0142\u00f3wnych narz\u0119dzi informatycznych w instytucji jest system biblioteczny KOHA. Uko\u0144czona zosta\u0142a komputerowa rejestracja czytelnik\u00f3w oraz uruchomiony modu\u0142 wypo\u017cycze\u0144 wraz z obs\u0142ug\u0105 rezerwacji i zam\u00f3wie\u0144 ksi\u0105\u017cek poprzez Internet. Zarejestrowani czytelnicy otrzymuj\u0105 indywidualne, plastikowe karty biblioteczne.<\/p>\n<p>Poza tradycyjn\u0105 ksi\u0105\u017ck\u0105 mog\u0105 korzysta\u0107 ze zbior\u00f3w takich jak: audiobooki, multimedia, gry<br \/>\ni inne dokumenty audiowizualne, a tak\u017ce z blisko 1500 ebook\u00f3w dost\u0119pnych od 1 lutego 2016 r. na platformie Ibuk Libra. W\u015br\u00f3d oferowanych ksi\u0105\u017cek elektronicznych s\u0105: publikacje z zakresu literatury pi\u0119knej (dla doros\u0142ych, dzieci i m\u0142odzie\u017cy), faktu, poradniki, s\u0142owniki, kompendia, a tak\u017ce literatura fachowa dla student\u00f3w i pracownik\u00f3w naukowych.<\/p>\n<p>***<br \/>\n<em>Historia instytucji zosta\u0142a opisana szerzej w publikacji jubileuszowej z okazji 70-lecia istnienia biblioteki.<\/em><\/p>\n<p>Tekst: Halina Filip<strong><em>\u00a0<\/em><\/strong><\/p>\n<p>[1] <strong>H. Kroczy\u0144ski, <em>Dzieje ksi\u0105\u017cki i bibliotek w Ko\u0142obrzegu <\/em>[online] [dost\u0119p: 24.11.2014]. Dost\u0119pny w Internecie: http:\/\/mbpga.bip.parseta.pl\/index.php?id=81493.<\/strong><\/p>\n<p>[2] J. Kosman, <em>Z dziej\u00f3w bibliotek w pruskiej prowincji Pomorze w XIX i ocz\u0105tkach XX wieku<\/em>. Seria Bibliotekarza Zachodniopomorskiego [online]. Szczecin 2013, T. XI. s. 41<strong> [dost\u0119p: 24.11.2014]. Dost\u0119pny w Internecie:<\/strong> <strong>http:\/\/zbc.ksiaznica.szczecin.pl\/Content\/29175\/Se-ria_BZP_T_XI.pdf.<\/strong><\/p>\n<p>[3] Herman Harder (29 IX 1850 \u2013 21 VII 1934) \u00a0znany jako Harry T. Harder \u2013 syn rzemie\u015blnika, maj\u0105c 16 lat wyjecha\u0142 do Anglii, a p\u00f3\u017aniej do USA. O\u017ceni\u0142 si\u0119 z ameryka\u0144sk\u0105 nauczycielk\u0105 (ma\u0142\u017ce\u0144stwo bezdzietne) i osiedli\u0142 si\u0119 w Scranton w Pensylwanii By\u0142 kolejno fryzjerem, dentyst\u0105 i maklerem nieruchomo\u015bci. Dorobi\u0142 si\u0119 ogromnego maj\u0105tku. Po \u015bmierci \u017cony wr\u00f3ci\u0142 do swego rodzinnego miasta (po 60 latach). Zamieszka\u0142 w hotelu \u201eKaiserhof\u201d na obecnym pl. 18 Marca i odda\u0142 si\u0119 dzia\u0142alno\u015bci filantropijnej. Mi\u0119dzy innymi wspom\u00f3g\u0142 finansowo muzeum, kupi\u0142 nowoczesn\u0105 sikawk\u0119 dla stra\u017cy po\u017carnej, karetk\u0119 pogotowia dla Czerwonego Krzy\u017ca, fundowa\u0142 prezenty gwiazdkowe dla dzieci i wspomaga\u0142 ludzi pokrzywdzonych przez los. Najwi\u0119ksze jego dzie\u0142a to zbudowanie nowoczesnego gmachu dla biblioteki i utworzenie fundacji swego imienia, kt\u00f3rej celem by\u0142o pomaganie zdolnej ucz\u0105cej si\u0119 m\u0142odzie\u017cy z Ko\u0142obrzegu. Fundacja ta ze zmienionym nieco statutem istnieje do dzi\u015b w Niemczech. Zmar\u0142 w szpitalu uzdrowiskowym \u201eSiloah\u201d maj\u0105c prawie 84 lata. Pochowany zosta\u0142 na Cmentarzu Centralnym na Za\u0142\u0119\u017cu (tam, gdzie dzi\u015b jest niemieckie lapidarium). Na skromnym nagrobku wyrze\u017abiono czar\u0119 ofiarn\u0105<br \/>\ni wyci\u0105gni\u0119te do\u0144 r\u0119ce. \u0179r\u00f3d\u0142o: <strong>H. Kroczy\u0144ski, <em>Dzieje ksi\u0105\u017cki i bibliotek w Ko\u0142obrzegu <\/em>[online], <em>op. cit. <\/em>\u00a0<\/strong><\/p>\n<p>[4] Bry\u0142a budynku i zagospodarowanie wn\u0119trza z niewielkimi zmianami zachowa\u0142o si\u0119 do dzi\u015b. Obecnie gmach jest siedzib\u0105 Miejskiej Biblioteki Publicznej im. Galla Anonima.<\/p>\n<p>[5] H. G\u00f6bel, <em>Die sta\u0308dtebauliche Entwicklung von Kolberg, mittelalterliche Industriestadt, Festung, See\u2013, Sol\u2013 u. Moorbad,<\/em> Du\u0308sseldorf 1927, s. 36.<\/p>\n<p>[6] J. Frankowski, <em>Wspomnienia by\u0142ego aktywisty powiatu ko\u0142obrzeskiego (1946\u20131961). Praca wyr\u00f3\u017cniona na Konkursie na pami\u0119tnik osadnika w Koszalinie<\/em> [maszynopis], [Ko\u0142obrzeg 1961], s. 9, przechowywane w Bibliotece.<\/p>\n<p>[7] <em>Zabezpieczenie Uchwa\u0142y Nr 26\/V\/58 przez Wydzia\u0142 Kultury oraz podleg\u0142e plac\u00f3wki \u2013 Powiatowy Dom Kultury, Powiatowa<br \/>\ni Miejska Biblioteka w Ko\u0142obrzegu<\/em>. \u0179r\u00f3d\u0142o: WAP w Koszalinie, zesp\u00f3\u0142 Prezydium Powiatowej Rady Narodowej Ko\u0142obrzeg,<br \/>\nt. 122, s. 180.<\/p>\n<p>[8] Powiatowy Dom Kultury utworzono w 1954 r.<\/p>\n<p>[9] Nazwa klubu \u201eKolabrega\u201d zaproponowana zosta\u0142a przez Jana Frankowskiego. Nawi\u0105zywa\u0107 mia\u0142a do zapis\u00f3w \u0142aci\u0144skich z XII wieku nazwy miasta \u201eKolabrega\u201d Colubrega, Colobrega). \u0179r\u00f3d\u0142o: J. Patan, <em>Moje lata sze\u015b\u0107dziesi\u0105te. Ko\u0142obrzeg 1960\u20131969.<\/em> <em>Cz.1<\/em>, Ko\u0142obrzeg 2009, s. 186\u2013187.<\/p>\n<p>[10] J. Patan, <em>Moje lata sze\u015b\u0107dziesi\u0105te Ko\u0142obrzeg 1960\u20131969. Cz. 1 <\/em>\u2026, <em>op. cit., <\/em>s. 187.<\/p>\n<p>[11] Pracownia fotograficzna by\u0142a zacz\u0105tkiem Ko\u0142obrzeskiego Towarzystwa Fotograficznego, kt\u00f3re w 2014 r. \u015bwi\u0119towa\u0142o<br \/>\n40-lecie dzia\u0142alno\u015bci.<\/p>\n<p>[12] A. Romanowska, <em>Historia i dzieje najnowsze,<\/em> \u201eG\u0142os Pomorza\u201d, 1981, nr 9, s. 11.<\/p>\n<p>[13] Dokumentacja MBP, sprawozdanie za 2000 r., przechowywana w bibliotece.<\/p>\n<p>[14] Dokumentacja inwestycji przechowywana jest w bibliotece.<\/p>\n<p>[15] Uroczyste otwarcie instytucji po remoncie nast\u0105pi\u0142o 2 pa\u017adziernika 2015 r.<\/p>\n<p>\u0179r\u00f3d\u0142o informacji: brak danych, Data \u017ar\u00f3d\u0142a: brak danych,<br \/>\nZatwierdzi\u0142 do publikacji: Arkadiusz Ma\u0142ek, data publikacji: 2017.07.25, 11:28,<br \/>\nHistoria zmian<\/p>\n","protected":false},"excerpt":{"rendered":"<p>Biblioteka w Ko\u0142obrzegu jest jedn\u0105 z pierwszych bibliotek publicznych utworzonych na Pomorzu, co mia\u0142o miejsce 5 maja 1895 r. Pocz\u0105tkowo mie\u015bci\u0142a si\u0119 w podrz\u0119dnej gospodzie, p\u00f3\u017aniej w ma\u0142ym pomieszczeniu w starym domu przy ulicy Katedralnej. Kierowa\u0142 ni\u0105 nauczyciel Teodor Kempin, dzia\u0142acz spo\u0142eczny, muzeolog amator[1]. Na pocz\u0105tku lat dwudziestych XX wieku ksi\u0119gozbi\u00f3r biblioteki obejmowa\u0142 oko\u0142o 3.600 &hellip; <\/p>\n<p><a class=\"more-link block-button\" href=\"https:\/\/biblioteka.kolobrzeg.pl\/index.php\/historia-biblioteki\/\">Kontynuuj czytanie &raquo;<\/a><\/p>\n","protected":false},"author":1,"featured_media":0,"parent":0,"menu_order":0,"comment_status":"closed","ping_status":"closed","template":"","meta":{"footnotes":""},"class_list":["post-10025","page","type-page","status-publish","hentry","nodate"],"jetpack_likes_enabled":true,"jetpack_sharing_enabled":true,"_links":{"self":[{"href":"https:\/\/biblioteka.kolobrzeg.pl\/index.php\/wp-json\/wp\/v2\/pages\/10025","targetHints":{"allow":["GET"]}}],"collection":[{"href":"https:\/\/biblioteka.kolobrzeg.pl\/index.php\/wp-json\/wp\/v2\/pages"}],"about":[{"href":"https:\/\/biblioteka.kolobrzeg.pl\/index.php\/wp-json\/wp\/v2\/types\/page"}],"author":[{"embeddable":true,"href":"https:\/\/biblioteka.kolobrzeg.pl\/index.php\/wp-json\/wp\/v2\/users\/1"}],"replies":[{"embeddable":true,"href":"https:\/\/biblioteka.kolobrzeg.pl\/index.php\/wp-json\/wp\/v2\/comments?post=10025"}],"version-history":[{"count":0,"href":"https:\/\/biblioteka.kolobrzeg.pl\/index.php\/wp-json\/wp\/v2\/pages\/10025\/revisions"}],"wp:attachment":[{"href":"https:\/\/biblioteka.kolobrzeg.pl\/index.php\/wp-json\/wp\/v2\/media?parent=10025"}],"curies":[{"name":"wp","href":"https:\/\/api.w.org\/{rel}","templated":true}]}}