{"id":26314,"date":"2023-09-26T15:40:00","date_gmt":"2023-09-26T13:40:00","guid":{"rendered":"https:\/\/biblioteka.kolobrzeg.pl\/?page_id=26314"},"modified":"2024-04-09T12:32:26","modified_gmt":"2024-04-09T10:32:26","slug":"empik-go","status":"publish","type":"page","link":"https:\/\/biblioteka.kolobrzeg.pl\/index.php\/empik-go\/","title":{"rendered":"Empik Go"},"content":{"rendered":"<div class=\"wp-block-image\"><a href=\"https:\/\/biblioteka.kolobrzeg.pl\/wp-content\/uploads\/2023\/09\/empikgologo.jpg\" data-rel=\"lightbox-image-0\" data-rl_title=\"\" data-rl_caption=\"\" title=\"\"><img loading=\"lazy\" decoding=\"async\" class=\"size-full wp-image-26316 alignleft\" src=\"https:\/\/biblioteka.kolobrzeg.pl\/wp-content\/uploads\/2023\/09\/empikgologo.jpg\" alt=\"Empik go logo\" width=\"173\" height=\"60\" \/><\/a><\/div>\n<p>Miejska Biblioteka Publiczna w Ko\u0142obrzegu umo\u017cliwia dost\u0119p do aplikacji Empik Go, dzi\u0119ki kt\u00f3rej Czytelnicy mog\u0105 uzyska\u0107 bezp\u0142atne kody do ponad 130 000 ebook\u00f3w, audiobook\u00f3w i podcast\u00f3w, w tym do unikalnych produkcji w\u0142asnych Empik Go.<\/p>\n<p>Empik Go dost\u0119pny jest na: smartfonach, tabletach i czytnikach, r\u00f3wnie\u017c KINDLE, zar\u00f3wno w trybie online, jak i offline.<\/p>\n<p><strong>Zasady udost\u0119pniania kod\u00f3w Empik Go:<\/strong><\/p>\n<ol>\n<li>Mo\u017cliwo\u015b\u0107 wypo\u017cyczenia ebook\u00f3w, audiobook\u00f3w i synchrobook\u00f3w z oferty abonamentowej EMPIkGO maj\u0105 wy\u0142\u0105cznie czytelnicy zarejestrowani w Miejskiej Bibliotece Publicznej w Ko\u0142obrzegu oraz jej Filiach. Warunkiem jest posiadanie nieobci\u0105\u017conego \u017cadnymi zaleg\u0142o\u015bciami i uaktualnionego na dany rok kalendarzowy konta bibliotecznego oraz karty bibliotecznej.<\/li>\n<li>Kody wydawane s\u0105 wy\u0142\u0105cznie aktywnym U\u017cytkownikom biblioteki, czyli takim, kt\u00f3rzy w ci\u0105gu ostatnich 12 miesi\u0119cy wypo\u017cyczyli minimum jedn\u0105 pozycj\u0119 ksi\u0105\u017ckow\u0105 ze zbior\u00f3w Miejskiej Biblioteki Publicznej lub Filii.<\/li>\n<li>Us\u0142uga wypo\u017cyczania ebook\u00f3w, audiobook\u00f3w i synchrobook\u00f3w jest bezp\u0142atna.<\/li>\n<li>W pakiecie Biblioteki s\u0105 ebooki, audiobooki i synchrobooki.<\/li>\n<li>Kody wydawane s\u0105 czytelnikom podczas osobistej wizyty w Miejskiej Bibliotece Publicznej w Ko\u0142obrzegu lub przez poczt\u0119 elektroniczn\u0105. W celu uzyskania kodu dost\u0119pu nale\u017cy wys\u0142a\u0107 wiadomo\u015b\u0107 na adres: empikgo@biblioteka.kolobrzeg.pl tre\u015bci podaj\u0105c imi\u0119 i nazwisko oraz numer karty bibliotecznej. Po pomy\u015blnym zweryfikowaniu konta bibliotecznego pracownik Biblioteki wy\u015ble e-mail z kodem dost\u0119pu.<\/li>\n<li>Czytelnikowi przys\u0142uguje tylko jeden kod miesi\u0119cznie &#8211; Legimi albo Empik Go.<\/li>\n<li>Uzyskany przez czytelnika kod musi by\u0107 aktywowany w miesi\u0105cu, w kt\u00f3rym zosta\u0142 pobrany. W przeciwnym wypadku kod wygasa.<\/li>\n<li>Kod jest aktywny przez 30 dni, licz\u0105c od daty zalogowania. Po tym czasie mo\u017cna zg\u0142osi\u0107 si\u0119 po kolejny kod.<\/li>\n<li>Kody wydawane s\u0105 od pierwszego dnia miesi\u0105ca. Je\u017celi pierwszy dzie\u0144 miesi\u0105ca wypada w niedziel\u0119 lub \u015bwi\u0119to, to kody wydawane s\u0105 w najbli\u017cszy dzie\u0144 otwarcia Biblioteki.<\/li>\n<li>Biblioteka dysponuje ograniczon\u0105 liczb\u0105 kod\u00f3w na ka\u017cdy miesi\u0105c. Liczy si\u0119 kolejno\u015b\u0107 zg\u0142osze\u0144<\/li>\n<li>Czytelnik, kt\u00f3ry nie aktywuje otrzymanego kodu, ma blokad\u0119 na wydanie kodu w nast\u0119pnym miesi\u0105cu.<\/li>\n<\/ol>\n<p><strong>Smartfony, tablety i czytniki<\/strong><\/p>\n<p>Aby uzyska\u0107 bezp\u0142atny dost\u0119p do Empik Go, wystarczy:<\/p>\n<ol>\n<li>Odebra\u0107 w kod dost\u0119pu. Pobrany przez Czytelnika kod musi by\u0107 aktywowany w miesi\u0105cu, na kt\u00f3ry zosta\u0142 wydany.<\/li>\n<li>Wej\u015b\u0107 na stron\u0119 <a href=\"https:\/\/www.empik.com\/go\/biblioteki\/kod\">https:\/\/www.empik.com\/go\/biblioteki\/kod<\/a> i wpisa\u0107 kod.<\/li>\n<li>Zalogowa\u0107 si\u0119 lub za\u0142o\u017cy\u0107 bezp\u0142atne konto na stronie <a href=\"https:\/\/www.empik.com\/\">https:\/\/www.empik.com\/<\/a>.<\/li>\n<li>Pobra\u0107 aplikacj\u0119 Empik Go (ze sklepu Google Play, App Store lub App Gallery).<\/li>\n<li>Zalogowa\u0107 si\u0119 do aplikacji i korzysta\u0107 z oferty Empik Go.<\/li>\n<li>Kod jest aktywny na dw\u00f3ch urz\u0105dzeniach przez miesi\u0105c, licz\u0105c od daty zalogowania. Potem nale\u017cy pobra\u0107 w filii bibliotecznej kod dost\u0119pu na kolejny miesi\u0105c i ponownie aktywowa\u0107.<\/li>\n<\/ol>\n<p><strong>Czytniki Kindle<\/strong><\/p>\n<p>Empik Go dost\u0119pny jest r\u00f3wnie\u017c na czytnikach Kindle. W takim przypadku u\u017cytkownik korzysta z Empik Go na dw\u00f3ch dowolnych urz\u0105dzeniach i czytniku Kindle. Aby uzyska\u0107 bezp\u0142atny dost\u0119p do Empik Go, wystarczy:<\/p>\n<ol>\n<li>Odebra\u0107 kod dost\u0119pu, pobrany przez Czytelnika kod musi by\u0107 aktywowany w miesi\u0105cu, w kt\u00f3rym zosta\u0142 pobrany.<\/li>\n<li>Wej\u015b\u0107 na stron\u0119 <a href=\"https:\/\/www.empik.com\/go\/biblioteki\/kod\">https:\/\/www.empik.com\/go\/biblioteki\/kod<\/a> i wpisa\u0107 unikatowy kod.<\/li>\n<li>Pobra\u0107 aplikacj\u0119 Empik Go dla Kindle <a href=\"https:\/\/www.empik.com\/go\/kindle\">https:\/\/www.empik.com\/go\/kindle<\/a> na komputer.<\/li>\n<li>Wysy\u0142a\u0107 wybrane ebooki ze swojej biblioteki Empik Go na czytnik Kindle. W ka\u017cdym momencie mo\u017cna doda\u0107 nowe tytu\u0142y do biblioteki w aplikacji mobilnej, a nast\u0119pnie od\u015bwie\u017cy\u0107 list\u0119 ksi\u0105\u017cek w aplikacji Empik Go dla Kindle. Ebooki nale\u017cy wys\u0142a\u0107 ze swojej biblioteki na czytnik \u2013 do dziesi\u0119ciu ebook\u00f3w w miesi\u0105cu.<\/li>\n<li>Instrukcja <a href=\"https:\/\/www.empik.com\/go\/kindle\">https:\/\/www.empik.com\/go\/kindle<\/a><\/li>\n<\/ol>\n","protected":false},"excerpt":{"rendered":"<p>Miejska Biblioteka Publiczna w Ko\u0142obrzegu umo\u017cliwia dost\u0119p do aplikacji Empik Go, dzi\u0119ki kt\u00f3rej Czytelnicy mog\u0105 uzyska\u0107 bezp\u0142atne kody do ponad 130 000 ebook\u00f3w, audiobook\u00f3w i podcast\u00f3w, w tym do unikalnych produkcji w\u0142asnych Empik Go. Empik Go dost\u0119pny jest na: smartfonach, tabletach i czytnikach, r\u00f3wnie\u017c KINDLE, zar\u00f3wno w trybie online, jak i offline. Zasady udost\u0119pniania kod\u00f3w &hellip; <\/p>\n<p><a class=\"more-link block-button\" href=\"https:\/\/biblioteka.kolobrzeg.pl\/index.php\/empik-go\/\">Kontynuuj czytanie &raquo;<\/a><\/p>\n","protected":false},"author":1,"featured_media":26316,"parent":0,"menu_order":0,"comment_status":"closed","ping_status":"closed","template":"","meta":{"jetpack_post_was_ever_published":false,"footnotes":""},"class_list":["post-26314","page","type-page","status-publish","has-post-thumbnail","hentry","nodate"],"jetpack_likes_enabled":true,"jetpack_sharing_enabled":true,"_links":{"self":[{"href":"https:\/\/biblioteka.kolobrzeg.pl\/index.php\/wp-json\/wp\/v2\/pages\/26314","targetHints":{"allow":["GET"]}}],"collection":[{"href":"https:\/\/biblioteka.kolobrzeg.pl\/index.php\/wp-json\/wp\/v2\/pages"}],"about":[{"href":"https:\/\/biblioteka.kolobrzeg.pl\/index.php\/wp-json\/wp\/v2\/types\/page"}],"author":[{"embeddable":true,"href":"https:\/\/biblioteka.kolobrzeg.pl\/index.php\/wp-json\/wp\/v2\/users\/1"}],"replies":[{"embeddable":true,"href":"https:\/\/biblioteka.kolobrzeg.pl\/index.php\/wp-json\/wp\/v2\/comments?post=26314"}],"version-history":[{"count":0,"href":"https:\/\/biblioteka.kolobrzeg.pl\/index.php\/wp-json\/wp\/v2\/pages\/26314\/revisions"}],"wp:featuredmedia":[{"embeddable":true,"href":"https:\/\/biblioteka.kolobrzeg.pl\/index.php\/wp-json\/wp\/v2\/media\/26316"}],"wp:attachment":[{"href":"https:\/\/biblioteka.kolobrzeg.pl\/index.php\/wp-json\/wp\/v2\/media?parent=26314"}],"curies":[{"name":"wp","href":"https:\/\/api.w.org\/{rel}","templated":true}]}}