{"id":29491,"date":"2024-07-23T09:42:24","date_gmt":"2024-07-23T07:42:24","guid":{"rendered":"https:\/\/biblioteka.kolobrzeg.pl\/?page_id=29491"},"modified":"2026-02-11T15:07:43","modified_gmt":"2026-02-11T14:07:43","slug":"czytelnia-ogolna","status":"publish","type":"page","link":"https:\/\/biblioteka.kolobrzeg.pl\/index.php\/czytelnia-ogolna\/","title":{"rendered":"Czytelnia Og\u00f3lna i zbiory regionalne"},"content":{"rendered":"<p><a href=\"https:\/\/biblioteka.kolobrzeg.pl\/wp-content\/uploads\/2024\/07\/bib-czytgl.jpg\" data-rel=\"lightbox-image-0\" data-rl_title=\"\" data-rl_caption=\"\" title=\"\"><img loading=\"lazy\" decoding=\"async\" class=\"alignleft wp-image-29562\" src=\"https:\/\/biblioteka.kolobrzeg.pl\/wp-content\/uploads\/2024\/07\/bib-czytgl.jpg\" alt=\"Czytelnia Og\u00f3lna\" width=\"200\" height=\"150\" srcset=\"https:\/\/biblioteka.kolobrzeg.pl\/wp-content\/uploads\/2024\/07\/bib-czytgl.jpg 800w, https:\/\/biblioteka.kolobrzeg.pl\/wp-content\/uploads\/2024\/07\/bib-czytgl-768x576.jpg 768w\" sizes=\"auto, (max-width: 200px) 100vw, 200px\" \/><\/a>ul. Jana Frankowskiego 3<\/p>\n<p>Tel.: \/94\/ 35-22-870 wewn. 4<\/p>\n<div>\u00a0<\/div>\n<div>\u00a0<\/div>\n<p align=\"justify\">\u00a0<\/p>\n\n\n<div style=\"height:11px\" aria-hidden=\"true\" class=\"wp-block-spacer\"><\/div>\n\n\n<div>* Uwaga, w czwartki Czytelnia prasy i Pracownia internetowa czynne s\u0105 do godz. 16:00, od godz. 16:00 ma miejsce spotkanie Klubu Gier Planszowych.<br \/>** W soboty Czytelnia og\u00f3lna jest nieczynna.<\/div>\n<p align=\"justify\">Zbiory:<\/p>\n<ul>\n<li>s\u0142owniki, encyklopedie, leksykony, informatory<\/li>\n<li>literatura naukowa i popularnonaukowa z wszystkich dziedzin nauki<\/li>\n<li>zbi\u00f3r reprint\u00f3w (nowe wydania starych ksi\u0105\u017cek &#8211; b\u0119d\u0105ce ich wiern\u0105 kopi\u0105)<\/li>\n<\/ul>\n<p align=\"justify\">Zbiory\u00a0regionalne:<strong><br \/><\/strong><\/p>\n<ul>\n<li>literatura dotycz\u0105ca miasta, regionu i Pomorza (r\u00f3wnie\u017c wydawnictwa niemieckie o Ko\u0142obrzegu)<\/li>\n<li>tw\u00f3rczo\u015b\u0107 autor\u00f3w ko\u0142obrzeskich<\/li>\n<li>dokumenty \u017cycia spo\u0142ecznego, materia\u0142y samorz\u0105dowe<\/li>\n<\/ul>\n<p align=\"justify\">W ramach wypo\u017cycze\u0144 mi\u0119dzybibliotecznych na \u017cyczenie czytelnika sprowadza si\u0119 ksi\u0105\u017cki z innych bibliotek<\/p>","protected":false},"excerpt":{"rendered":"<p>ul. Jana Frankowskiego 3 Tel.: \/94\/ 35-22-870 wewn. 4 \u00a0 \u00a0 \u00a0 * Uwaga, w czwartki Czytelnia prasy i Pracownia internetowa czynne s\u0105 do godz. 16:00, od godz. 16:00 ma miejsce spotkanie Klubu Gier Planszowych.** W soboty Czytelnia og\u00f3lna jest nieczynna. Zbiory: s\u0142owniki, encyklopedie, leksykony, informatory literatura naukowa i popularnonaukowa z wszystkich dziedzin nauki zbi\u00f3r &hellip; <\/p>\n<p><a class=\"more-link block-button\" href=\"https:\/\/biblioteka.kolobrzeg.pl\/index.php\/czytelnia-ogolna\/\">Kontynuuj czytanie &raquo;<\/a><\/p>\n","protected":false},"author":1,"featured_media":0,"parent":0,"menu_order":0,"comment_status":"closed","ping_status":"closed","template":"","meta":{"jetpack_post_was_ever_published":false,"footnotes":""},"class_list":["post-29491","page","type-page","status-publish","hentry","nodate"],"jetpack_likes_enabled":true,"jetpack_sharing_enabled":true,"_links":{"self":[{"href":"https:\/\/biblioteka.kolobrzeg.pl\/index.php\/wp-json\/wp\/v2\/pages\/29491","targetHints":{"allow":["GET"]}}],"collection":[{"href":"https:\/\/biblioteka.kolobrzeg.pl\/index.php\/wp-json\/wp\/v2\/pages"}],"about":[{"href":"https:\/\/biblioteka.kolobrzeg.pl\/index.php\/wp-json\/wp\/v2\/types\/page"}],"author":[{"embeddable":true,"href":"https:\/\/biblioteka.kolobrzeg.pl\/index.php\/wp-json\/wp\/v2\/users\/1"}],"replies":[{"embeddable":true,"href":"https:\/\/biblioteka.kolobrzeg.pl\/index.php\/wp-json\/wp\/v2\/comments?post=29491"}],"version-history":[{"count":1,"href":"https:\/\/biblioteka.kolobrzeg.pl\/index.php\/wp-json\/wp\/v2\/pages\/29491\/revisions"}],"predecessor-version":[{"id":34014,"href":"https:\/\/biblioteka.kolobrzeg.pl\/index.php\/wp-json\/wp\/v2\/pages\/29491\/revisions\/34014"}],"wp:attachment":[{"href":"https:\/\/biblioteka.kolobrzeg.pl\/index.php\/wp-json\/wp\/v2\/media?parent=29491"}],"curies":[{"name":"wp","href":"https:\/\/api.w.org\/{rel}","templated":true}]}}