{"id":308,"date":"2016-03-04T13:55:07","date_gmt":"2016-03-04T12:55:07","guid":{"rendered":"http:\/\/biblioteka.kolobrzeg.pl\/wordpress\/?page_id=308"},"modified":"2020-09-01T10:41:26","modified_gmt":"2020-09-01T08:41:26","slug":"popularnonaukowa","status":"publish","type":"page","link":"https:\/\/biblioteka.kolobrzeg.pl\/index.php\/popularnonaukowa\/","title":{"rendered":"Popularnonaukowa"},"content":{"rendered":"<table role=\"presentation\">\n<tbody>\n<tr>\n<td width=\"604\"><span style=\"color: #008000;\">Tytu\u0142: <strong>Ca\u0142y ten cukier: ta ksi\u0105\u017cka zmieni tw\u00f3j spos\u00f3b my\u015blenia o &#8222;zdrowym&#8221; jedzeniu<\/strong><\/span><br \/>\n<span style=\"color: #008000;\">Autor: <strong>Damon Gameau<\/strong><\/span><br \/>\n<span style=\"color: #008000;\"> Wydawnictwo: <strong>Varsovia<\/strong>, 2016<\/span><\/td>\n<\/tr>\n<tr>\n<td width=\"604\">(\u2026) Ca\u0142y ten cukier to relacja z eksperymentu Damona, w kt\u00f3rej autor rzuca \u015bwiat\u0142o na podst\u0119py, jakimi pos\u0142uguje si\u0119 przemys\u0142 spo\u017cywczy, wytwarzaj\u0105c, a nast\u0119pnie sprzedaj\u0105c nam swoje wyroby. Ujawnia, \u017ce bran\u017ca wsp\u00f3\u0142pracuje ze sob\u0105 i jest bardzo zdeterminowana, by utrzyma\u0107 status quo, czyli nie dopu\u015bci\u0107 do zmniejszenia konsumpcji cukru na \u015bwiecie, mimo \u017ce dolegliwo\u015bci wynikaj\u0105ce z jego nadmiernego spo\u017cycia zbieraj\u0105 coraz obfitsze \u017cniwo. Ponadto udziela szeregu wyrozumia\u0142ych rad dla tych, kt\u00f3rzy chc\u0105 zerwa\u0107 ze s\u0142odkim na\u0142ogiem. Wskazuje produkty \u017cywno\u015bciowe, kt\u00f3rych warto unika\u0107, wyja\u015bnia, jak robi\u0107 zakupy i czyta\u0107 etykiety, a tak\u017ce radzi, jak przyrz\u0105dza\u0107 zdrowe dania wolne od cukru.<br \/>\nTa zabawna, przebojowa i pobudzaj\u0105ca do my\u015blenia opowie\u015b\u0107 ma potencja\u0142, by zmieni\u0107 nawyki \u017cywieniowe ca\u0142ego pokolenia czytelnik\u00f3w.<\/td>\n<\/tr>\n<tr>\n<td width=\"604\"><span style=\"color: #0000ff;\">\u0179r\u00f3d\u0142o:<\/span> <a href=\"https:\/\/ksiegarnia.pwn.pl\/Caly-ten-cukier,659973659,p.html\" rel=\"noopener noreferrer\">https:\/\/ksiegarnia.pwn.pl\/Caly-ten-cukier,659973659,p.html<br \/>\n<\/a> <span style=\"color: #800000;\">Ksi\u0105\u017cka dost\u0119pna w <strong>Wypo\u017cyczalni popularnonaukowej<\/strong> (ul. Jana Frankowskiego 3) oraz <strong>Filii nr 1<\/strong> (ul. Czarnieckiego 5F\/I)..<br \/>\n<\/span><\/td>\n<\/tr>\n<\/tbody>\n<\/table>\n<hr>\n<p><!-- ---------------------------------------------ksiazka2------------------------------------------ --><\/p>\n<table role=\"presentation\">\n<tbody>\n<tr>\n<td width=\"604\"><span style=\"color: #008000;\">Tytu\u0142: <strong>Becoming: moja historia<\/strong><\/span><br \/>\n<span style=\"color: #008000;\"><span style=\"color: #008000;\">Autor: <strong>Michelle Obama<\/strong><\/span><\/span><br \/>\n<span style=\"color: #008000;\"> Wydawnictwo: <strong>Agora<\/strong>, 2019<\/span><\/td>\n<\/tr>\n<tr>\n<td width=\"604\">Michelle Obama opisuje do\u015bwiadczenia, kt\u00f3re j\u0105 ukszta\u0142towa\u0142y \u2013 od dzieci\u0144stwa w po\u0142udniowym Chicago, przez lata godzenia macierzy\u0144stwa z karier\u0105, a\u017c do czasu sp\u0119dzonego w najs\u0142ynniejszym domu \u015bwiata. Z niebywa\u0142\u0105 szczero\u015bci\u0105, odwag\u0105 i humorem odkrywa kulisy swojego \u017cycia rodzinnego. Opisuje, jak Obamowie znale\u017ali si\u0119 w centrum zainteresowania \u015bwiatowych medi\u00f3w i jak wygl\u0105da\u0142o ich \u017cycie w Bia\u0142ym Domu przez osiem kluczowych lat, kiedy poznawa\u0142a Ameryk\u0119, a Ameryka poznawa\u0142a j\u0105. To zaskakuj\u0105co intymny rozrachunek z \u017cyciem kobiety wra\u017cliwej i stanowczej, kt\u00f3ra konsekwentnie odmawia\u0142a spe\u0142niania oczekiwa\u0144 innych i kt\u00f3rej historia zach\u0119ca, by p\u00f3j\u015b\u0107 w jej \u015blady.<\/td>\n<\/tr>\n<tr>\n<td width=\"604\"><span style=\"color: #0000ff;\">\u0179r\u00f3d\u0142o:<\/span> <a href=\"https:\/\/kulturalnysklep.pl\/ksiazka\/becoming-obamam\" rel=\"noopener noreferrer\">https:\/\/kulturalnysklep.pl\/ksiazka\/becoming-obamam<br \/>\n<\/a> <span style=\"color: #800000;\">Ksi\u0105\u017cka dost\u0119pna w <strong>Wypo\u017cyczalni popularnonaukowej<\/strong> (ul. Jana Frankowskiego 3).<br \/>\n<\/span><\/td>\n<\/tr>\n<\/tbody>\n<\/table>\n<hr>\n<p><!-- ---------------------------------------------ksiazka3------------------------------------------ --><\/p>\n<table role=\"presentation\">\n<tbody>\n<tr>\n<td width=\"604\"><span style=\"color: #008000;\">Tytu\u0142: <strong>Gor\u0105czka: w \u015bwiecie poszukiwaczy skarb\u00f3w<\/strong><\/span><br \/>\n<span style=\"color: #008000;\">Autor: <strong>Tomasz Michniewicz<\/strong><\/span><br \/>\n<span style=\"color: #008000;\"> Wydawnictwo: <strong>Znak<\/strong>, 2019<\/span><\/td>\n<\/tr>\n<tr>\n<td width=\"604\">Poszukiwacze skarb\u00f3w. Szaleni naukowcy i ekscentryczni milionerzy, ryzykanci, z\u0142odzieje i oszu\u015bci. Tomek Michniewicz wprowadza nas w ich \u015bwiat &#8211; pe\u0142en zatopionych galeon\u00f3w, hiszpa\u0144skiego z\u0142ota, \u015bmiertelnych pu\u0142apek, \u015bwiszcz\u0105cych kul i zawi\u0142ych intryg. W zamkni\u0119ty kr\u0105g najs\u0142ynniejszych \u0142owc\u00f3w skarb\u00f3w. Opowie\u015b\u0107 o obsesji, kt\u00f3ra ogarnia ludzi szukaj\u0105cych bogactwa. O tym, do czego s\u0105 zdolni i jak daleko potrafi\u0105 si\u0119 posun\u0105\u0107, za\u015blepieni gor\u0105czk\u0105 z\u0142ota. Ta ksi\u0105\u017cka to przygodowy reporta\u017c z afryka\u0144sk\u0105 sawann\u0105 i karaibskimi pla\u017cami w tle. Znajdziecie w niej skarby zakopane na tropikalnych wyspach i szmaragdy ukryte w starych hiszpa\u0144skich kopalniach. Strzelaniny, zdrady, wi\u0119zienia&#8230;<\/td>\n<\/tr>\n<tr>\n<td width=\"604\"><span style=\"color: #0000ff;\">\u0179r\u00f3d\u0142o:<\/span> <a href=\"https:\/\/www.znak.com.pl\/kartoteka,ksiazka,3169,Goraczka\" rel=\"noopener noreferrer\">https:\/\/www.znak.com.pl\/kartoteka,ksiazka,3169,Goraczka<\/a> <span style=\"color: #800000;\"><br \/>\nKsi\u0105\u017cka dost\u0119pna w <strong>Wypo\u017cyczalni popularnonaukowej<\/strong> (ul. Jana Frankowskiego 3).<br \/>\n<\/span><\/td>\n<\/tr>\n<\/tbody>\n<\/table>\n<hr>\n<p><!-- ---------------------------------------------ksiazka4------------------------------------------ --><\/p>\n<table role=\"presentation\">\n<tbody>\n<tr>\n<td width=\"604\"><span style=\"color: #008000;\">Tytu\u0142: <strong>Daj si\u0119 pokocha\u0107 dziewczyno<\/strong><\/span><br \/>\n<span style=\"color: #008000;\">Autor: <strong>Katarzyna Miller, Joanna Olekszyk<\/strong><\/span><br \/>\n<span style=\"color: #008000;\"> Wydawnictwo: <strong>Zwierciad\u0142o<\/strong>, 2019<\/span><\/td>\n<\/tr>\n<tr>\n<td width=\"604\">Wielu z nas zadaje sobie podobne pytania. Psychoterapeutka Katarzyna Miller nie daje prostych odpowiedzi ani nie sk\u0142ada pustych obietnic. Przekonuje, \u017ce prawdziwa mi\u0142o\u015b\u0107 nie ma nic wsp\u00f3lnego z cierpieniem, podporz\u0105dkowaniem drugiej osobie, ani z oddaniem wolno\u015bci. Nie znosi po\u015bwi\u0119ce\u0144, ale jest prawdziwym zachwytem nad \u015bwiatem, nad sob\u0105 i innymi lud\u017ami. Daleka jest od deklaracji: \u201ebez ciebie wszystko traci sens\u201d, a bli\u017csza stwierdzeniu:<br \/>\n\u201ez tob\u0105 jest mi lepiej, przyjemniej i rado\u015bniej ni\u017c bez ciebie\u201d. Nie deklaruje: \u201edla ciebie zrobi\u0119 wszystko\u201d, lecz zapewnia: \u201ekocham ci\u0119, bo jeste\u015b.<br \/>\nPo prostu\u201d. I tak\u0105 mi\u0142o\u015b\u0107 warto praktykowa\u0107. A pomog\u0105 w tym m\u0105dre i zabawne rozmowy Katarzyny Miller z dziennikark\u0105 Joann\u0105 Olekszyk, kiedy\u015b publikowane na \u0142amach miesi\u0119cznika SENS, a teraz zebrane w ksi\u0105\u017cce \u201eDaj si\u0119 pokocha\u0107 dziewczyno\u201d.<\/td>\n<\/tr>\n<tr>\n<td width=\"604\"><span style=\"color: #0000ff;\">\u0179r\u00f3d\u0142o:<\/span> <a href=\"https:\/\/zwierciadlo.pl\/sklep\/psychologia\/daj-sie-pokochac-dziewczyno\" rel=\"noopener noreferrer\">https:\/\/zwierciadlo.pl\/sklep\/psychologia\/daj-sie-pokochac-dziewczyno<\/a><span style=\"color: #800000;\"><br \/>\nKsi\u0105\u017cka dost\u0119pna w <strong>Wypo\u017cyczalni popularnonaukowej<\/strong> (ul. Jana Frankowskiego 3).<br \/>\n<\/span><\/td>\n<\/tr>\n<\/tbody>\n<\/table>\n","protected":false},"excerpt":{"rendered":"<p>Tytu\u0142: Ca\u0142y ten cukier: ta ksi\u0105\u017cka zmieni tw\u00f3j spos\u00f3b my\u015blenia o &#8222;zdrowym&#8221; jedzeniu Autor: Damon Gameau Wydawnictwo: Varsovia, 2016 (\u2026) Ca\u0142y ten cukier to relacja z eksperymentu Damona, w kt\u00f3rej autor rzuca \u015bwiat\u0142o na podst\u0119py, jakimi pos\u0142uguje si\u0119 przemys\u0142 spo\u017cywczy, wytwarzaj\u0105c, a nast\u0119pnie sprzedaj\u0105c nam swoje wyroby. Ujawnia, \u017ce bran\u017ca wsp\u00f3\u0142pracuje ze sob\u0105 i jest &hellip; <\/p>\n<p><a class=\"more-link block-button\" href=\"https:\/\/biblioteka.kolobrzeg.pl\/index.php\/popularnonaukowa\/\">Kontynuuj czytanie &raquo;<\/a><\/p>\n","protected":false},"author":1,"featured_media":0,"parent":0,"menu_order":0,"comment_status":"closed","ping_status":"closed","template":"","meta":{"jetpack_post_was_ever_published":false,"footnotes":""},"class_list":["post-308","page","type-page","status-publish","hentry","nodate"],"jetpack_likes_enabled":true,"jetpack_sharing_enabled":true,"_links":{"self":[{"href":"https:\/\/biblioteka.kolobrzeg.pl\/index.php\/wp-json\/wp\/v2\/pages\/308","targetHints":{"allow":["GET"]}}],"collection":[{"href":"https:\/\/biblioteka.kolobrzeg.pl\/index.php\/wp-json\/wp\/v2\/pages"}],"about":[{"href":"https:\/\/biblioteka.kolobrzeg.pl\/index.php\/wp-json\/wp\/v2\/types\/page"}],"author":[{"embeddable":true,"href":"https:\/\/biblioteka.kolobrzeg.pl\/index.php\/wp-json\/wp\/v2\/users\/1"}],"replies":[{"embeddable":true,"href":"https:\/\/biblioteka.kolobrzeg.pl\/index.php\/wp-json\/wp\/v2\/comments?post=308"}],"version-history":[{"count":0,"href":"https:\/\/biblioteka.kolobrzeg.pl\/index.php\/wp-json\/wp\/v2\/pages\/308\/revisions"}],"wp:attachment":[{"href":"https:\/\/biblioteka.kolobrzeg.pl\/index.php\/wp-json\/wp\/v2\/media?parent=308"}],"curies":[{"name":"wp","href":"https:\/\/api.w.org\/{rel}","templated":true}]}}