{"id":602,"date":"2016-04-05T15:04:45","date_gmt":"2016-04-05T13:04:45","guid":{"rendered":"http:\/\/biblioteka.kolobrzeg.pl\/wordpress\/?page_id=602"},"modified":"2020-08-31T13:38:59","modified_gmt":"2020-08-31T11:38:59","slug":"uslugi-reprograficzne","status":"publish","type":"page","link":"https:\/\/biblioteka.kolobrzeg.pl\/index.php\/uslugi-reprograficzne\/","title":{"rendered":"Us\u0142ugi reprograficzne"},"content":{"rendered":"<p><img loading=\"lazy\" decoding=\"async\" class=\"alignleft wp-image-815 size-full\" src=\"https:\/\/biblioteka.kolobrzeg.pl\/wp-content\/uploads\/2016\/04\/reprograficzne.jpg\" alt=\"Us\u0142ugi reprograficzne\" width=\"128\" height=\"128\" \/>Biblioteka oferuje odp\u0142atne us\u0142ugi: kserograficzne, wydruki komputerowe, skanowanie.<\/p>\n<p><a href=\"http:\/\/mbpga.bip.parseta.pl\/index.php?id=88418&amp;no_cache=1&amp;ATagParams=%20rel%3D%22nofollow%22&amp;tx_webkitpdf_pi1[urls][0]=https%3A%2F%2Fmbpga.bip.parseta.pl%2Findex.php%3Fid%3D88418\">Cennik us\u0142ug<\/a><\/p>\n","protected":false},"excerpt":{"rendered":"<p>Biblioteka oferuje odp\u0142atne us\u0142ugi: kserograficzne, wydruki komputerowe, skanowanie. Cennik us\u0142ug<\/p>\n","protected":false},"author":1,"featured_media":0,"parent":0,"menu_order":0,"comment_status":"closed","ping_status":"closed","template":"","meta":{"jetpack_post_was_ever_published":false,"footnotes":""},"class_list":["post-602","page","type-page","status-publish","hentry","nodate"],"jetpack_likes_enabled":true,"jetpack_sharing_enabled":true,"_links":{"self":[{"href":"https:\/\/biblioteka.kolobrzeg.pl\/index.php\/wp-json\/wp\/v2\/pages\/602","targetHints":{"allow":["GET"]}}],"collection":[{"href":"https:\/\/biblioteka.kolobrzeg.pl\/index.php\/wp-json\/wp\/v2\/pages"}],"about":[{"href":"https:\/\/biblioteka.kolobrzeg.pl\/index.php\/wp-json\/wp\/v2\/types\/page"}],"author":[{"embeddable":true,"href":"https:\/\/biblioteka.kolobrzeg.pl\/index.php\/wp-json\/wp\/v2\/users\/1"}],"replies":[{"embeddable":true,"href":"https:\/\/biblioteka.kolobrzeg.pl\/index.php\/wp-json\/wp\/v2\/comments?post=602"}],"version-history":[{"count":0,"href":"https:\/\/biblioteka.kolobrzeg.pl\/index.php\/wp-json\/wp\/v2\/pages\/602\/revisions"}],"wp:attachment":[{"href":"https:\/\/biblioteka.kolobrzeg.pl\/index.php\/wp-json\/wp\/v2\/media?parent=602"}],"curies":[{"name":"wp","href":"https:\/\/api.w.org\/{rel}","templated":true}]}}