{"id":6158,"date":"2018-12-10T10:38:35","date_gmt":"2018-12-10T09:38:35","guid":{"rendered":"https:\/\/biblioteka.kolobrzeg.pl\/?page_id=6158"},"modified":"2018-12-11T11:23:06","modified_gmt":"2018-12-11T10:23:06","slug":"duch-swiat-spektakl-dla-dzieci","status":"publish","type":"page","link":"https:\/\/biblioteka.kolobrzeg.pl\/index.php\/duch-swiat-spektakl-dla-dzieci\/","title":{"rendered":"Duch \u015bwi\u0105t &#8211; spektakl dla dzieci"},"content":{"rendered":"<p><a href=\"https:\/\/biblioteka.kolobrzeg.pl\/wp-content\/uploads\/2018\/12\/spektak1012183.jpg\" data-rel=\"lightbox-image-0\" data-rl_title=\"\" data-rl_caption=\"\" title=\"\"><img loading=\"lazy\" decoding=\"async\" class=\"alignleft wp-image-6159 size-thumbnail\" src=\"https:\/\/biblioteka.kolobrzeg.pl\/wp-content\/uploads\/2018\/12\/spektak1012183-150x150.jpg\" alt=\"Spektakl\" width=\"150\" height=\"150\" srcset=\"https:\/\/biblioteka.kolobrzeg.pl\/wp-content\/uploads\/2018\/12\/spektak1012183-150x150.jpg 150w, https:\/\/biblioteka.kolobrzeg.pl\/wp-content\/uploads\/2018\/12\/spektak1012183-144x144.jpg 144w\" sizes=\"auto, (max-width: 150px) 100vw, 150px\" \/><\/a>W Bibliotece odby\u0142 si\u0119 miko\u0142ajkowy spektakl teatralny w wykonaniu aktor\u00f3w z Krakowskiego Biura Promocji Kultury.<!--more--><\/p>\n<p>W czasie przedstawienia aktorzy wraz z dzie\u0107mi wsp\u00f3lnie dekorowali choink\u0119, pakowali prezenty oraz rozmawiali o potrzebie przyja\u017ani i magii zbli\u017caj\u0105cych si\u0119 \u015bwi\u0105t.<\/p>\n<p>Spektakl dofinansowa\u0142a Gmina Miasto Ko\u0142obrzeg w ramach MPPiRPA.<\/p>\n<p>&nbsp;<\/p>\n<p>&nbsp;<\/p>\n<p>&nbsp;<\/p>\n\n\t\t<style type=\"text\/css\">\n\t\t\t#gallery-1 {\n\t\t\t\tmargin: auto;\n\t\t\t}\n\t\t\t#gallery-1 .gallery-item {\n\t\t\t\tfloat: left;\n\t\t\t\tmargin-top: 10px;\n\t\t\t\ttext-align: center;\n\t\t\t\twidth: 25%;\n\t\t\t}\n\t\t\t#gallery-1 img {\n\t\t\t\tborder: 2px solid #cfcfcf;\n\t\t\t}\n\t\t\t#gallery-1 .gallery-caption {\n\t\t\t\tmargin-left: 0;\n\t\t\t}\n\t\t\t\/* see gallery_shortcode() in wp-includes\/media.php *\/\n\t\t<\/style>\n\t\t<div id='gallery-1' class='gallery galleryid-6158 gallery-columns-4 gallery-size-thumbnail'><dl class='gallery-item'>\n\t\t\t<dt class='gallery-icon landscape'>\n\t\t\t\t<a href='https:\/\/biblioteka.kolobrzeg.pl\/wp-content\/uploads\/2018\/12\/spektak1012183.jpg' title=\"\" data-rl_title=\"\" class=\"rl-gallery-link\" data-rl_caption=\"\" data-rel=\"lightbox-gallery-1\"><img loading=\"lazy\" decoding=\"async\" width=\"150\" height=\"150\" src=\"https:\/\/biblioteka.kolobrzeg.pl\/wp-content\/uploads\/2018\/12\/spektak1012183-150x150.jpg\" class=\"attachment-thumbnail size-thumbnail\" alt=\"Spektakl\" srcset=\"https:\/\/biblioteka.kolobrzeg.pl\/wp-content\/uploads\/2018\/12\/spektak1012183-150x150.jpg 150w, https:\/\/biblioteka.kolobrzeg.pl\/wp-content\/uploads\/2018\/12\/spektak1012183-144x144.jpg 144w\" sizes=\"auto, (max-width: 150px) 100vw, 150px\" \/><\/a>\n\t\t\t<\/dt><\/dl><dl class='gallery-item'>\n\t\t\t<dt class='gallery-icon landscape'>\n\t\t\t\t<a href='https:\/\/biblioteka.kolobrzeg.pl\/wp-content\/uploads\/2018\/12\/spektak1012184.jpg' title=\"\" data-rl_title=\"\" class=\"rl-gallery-link\" data-rl_caption=\"\" data-rel=\"lightbox-gallery-1\"><img loading=\"lazy\" decoding=\"async\" width=\"150\" height=\"150\" src=\"https:\/\/biblioteka.kolobrzeg.pl\/wp-content\/uploads\/2018\/12\/spektak1012184-150x150.jpg\" class=\"attachment-thumbnail size-thumbnail\" alt=\"Spektakl\" srcset=\"https:\/\/biblioteka.kolobrzeg.pl\/wp-content\/uploads\/2018\/12\/spektak1012184-150x150.jpg 150w, https:\/\/biblioteka.kolobrzeg.pl\/wp-content\/uploads\/2018\/12\/spektak1012184-144x144.jpg 144w\" sizes=\"auto, (max-width: 150px) 100vw, 150px\" \/><\/a>\n\t\t\t<\/dt><\/dl><dl class='gallery-item'>\n\t\t\t<dt class='gallery-icon landscape'>\n\t\t\t\t<a href='https:\/\/biblioteka.kolobrzeg.pl\/wp-content\/uploads\/2018\/12\/spektak1012185.jpg' title=\"\" data-rl_title=\"\" class=\"rl-gallery-link\" data-rl_caption=\"\" data-rel=\"lightbox-gallery-1\"><img loading=\"lazy\" decoding=\"async\" width=\"150\" height=\"150\" src=\"https:\/\/biblioteka.kolobrzeg.pl\/wp-content\/uploads\/2018\/12\/spektak1012185-150x150.jpg\" class=\"attachment-thumbnail size-thumbnail\" alt=\"Spektakl\" srcset=\"https:\/\/biblioteka.kolobrzeg.pl\/wp-content\/uploads\/2018\/12\/spektak1012185-150x150.jpg 150w, https:\/\/biblioteka.kolobrzeg.pl\/wp-content\/uploads\/2018\/12\/spektak1012185-144x144.jpg 144w\" sizes=\"auto, (max-width: 150px) 100vw, 150px\" \/><\/a>\n\t\t\t<\/dt><\/dl><dl class='gallery-item'>\n\t\t\t<dt class='gallery-icon landscape'>\n\t\t\t\t<a href='https:\/\/biblioteka.kolobrzeg.pl\/wp-content\/uploads\/2018\/12\/spektak1012186.jpg' title=\"\" data-rl_title=\"\" class=\"rl-gallery-link\" data-rl_caption=\"\" data-rel=\"lightbox-gallery-1\"><img loading=\"lazy\" decoding=\"async\" width=\"150\" height=\"150\" src=\"https:\/\/biblioteka.kolobrzeg.pl\/wp-content\/uploads\/2018\/12\/spektak1012186-150x150.jpg\" class=\"attachment-thumbnail size-thumbnail\" alt=\"Spektakl\" srcset=\"https:\/\/biblioteka.kolobrzeg.pl\/wp-content\/uploads\/2018\/12\/spektak1012186-150x150.jpg 150w, https:\/\/biblioteka.kolobrzeg.pl\/wp-content\/uploads\/2018\/12\/spektak1012186-144x144.jpg 144w\" sizes=\"auto, (max-width: 150px) 100vw, 150px\" \/><\/a>\n\t\t\t<\/dt><\/dl><br style=\"clear: both\" \/><dl class='gallery-item'>\n\t\t\t<dt class='gallery-icon landscape'>\n\t\t\t\t<a href='https:\/\/biblioteka.kolobrzeg.pl\/wp-content\/uploads\/2018\/12\/spektak1012187.jpg' title=\"\" data-rl_title=\"\" class=\"rl-gallery-link\" data-rl_caption=\"\" data-rel=\"lightbox-gallery-1\"><img loading=\"lazy\" decoding=\"async\" width=\"150\" height=\"150\" src=\"https:\/\/biblioteka.kolobrzeg.pl\/wp-content\/uploads\/2018\/12\/spektak1012187-150x150.jpg\" class=\"attachment-thumbnail size-thumbnail\" alt=\"Spektakl\" srcset=\"https:\/\/biblioteka.kolobrzeg.pl\/wp-content\/uploads\/2018\/12\/spektak1012187-150x150.jpg 150w, https:\/\/biblioteka.kolobrzeg.pl\/wp-content\/uploads\/2018\/12\/spektak1012187-144x144.jpg 144w\" sizes=\"auto, (max-width: 150px) 100vw, 150px\" \/><\/a>\n\t\t\t<\/dt><\/dl><dl class='gallery-item'>\n\t\t\t<dt class='gallery-icon landscape'>\n\t\t\t\t<a href='https:\/\/biblioteka.kolobrzeg.pl\/wp-content\/uploads\/2018\/12\/spektak1012181.jpg' title=\"\" data-rl_title=\"\" class=\"rl-gallery-link\" data-rl_caption=\"\" data-rel=\"lightbox-gallery-1\"><img loading=\"lazy\" decoding=\"async\" width=\"150\" height=\"150\" src=\"https:\/\/biblioteka.kolobrzeg.pl\/wp-content\/uploads\/2018\/12\/spektak1012181-150x150.jpg\" class=\"attachment-thumbnail size-thumbnail\" alt=\"Spektakl\" srcset=\"https:\/\/biblioteka.kolobrzeg.pl\/wp-content\/uploads\/2018\/12\/spektak1012181-150x150.jpg 150w, https:\/\/biblioteka.kolobrzeg.pl\/wp-content\/uploads\/2018\/12\/spektak1012181-144x144.jpg 144w\" sizes=\"auto, (max-width: 150px) 100vw, 150px\" \/><\/a>\n\t\t\t<\/dt><\/dl><dl class='gallery-item'>\n\t\t\t<dt class='gallery-icon landscape'>\n\t\t\t\t<a href='https:\/\/biblioteka.kolobrzeg.pl\/wp-content\/uploads\/2018\/12\/spektak1012182.jpg' title=\"\" data-rl_title=\"\" class=\"rl-gallery-link\" data-rl_caption=\"\" data-rel=\"lightbox-gallery-1\"><img loading=\"lazy\" decoding=\"async\" width=\"150\" height=\"150\" src=\"https:\/\/biblioteka.kolobrzeg.pl\/wp-content\/uploads\/2018\/12\/spektak1012182-150x150.jpg\" class=\"attachment-thumbnail size-thumbnail\" alt=\"Spektakl\" srcset=\"https:\/\/biblioteka.kolobrzeg.pl\/wp-content\/uploads\/2018\/12\/spektak1012182-150x150.jpg 150w, https:\/\/biblioteka.kolobrzeg.pl\/wp-content\/uploads\/2018\/12\/spektak1012182-144x144.jpg 144w\" sizes=\"auto, (max-width: 150px) 100vw, 150px\" \/><\/a>\n\t\t\t<\/dt><\/dl>\n\t\t\t<br style='clear: both' \/>\n\t\t<\/div>\n\n","protected":false},"excerpt":{"rendered":"<p>W Bibliotece odby\u0142 si\u0119 miko\u0142ajkowy spektakl teatralny w wykonaniu aktor\u00f3w z Krakowskiego Biura Promocji Kultury.<\/p><p><a class=\"more-link block-button\" href=\"https:\/\/biblioteka.kolobrzeg.pl\/index.php\/duch-swiat-spektakl-dla-dzieci\/\">Kontynuuj czytanie &raquo;<\/a><\/p>\n","protected":false},"author":1,"featured_media":6159,"parent":0,"menu_order":0,"comment_status":"closed","ping_status":"closed","template":"","meta":{"jetpack_post_was_ever_published":false,"footnotes":""},"class_list":["post-6158","page","type-page","status-publish","has-post-thumbnail","hentry","nodate"],"jetpack_likes_enabled":true,"jetpack_sharing_enabled":true,"_links":{"self":[{"href":"https:\/\/biblioteka.kolobrzeg.pl\/index.php\/wp-json\/wp\/v2\/pages\/6158","targetHints":{"allow":["GET"]}}],"collection":[{"href":"https:\/\/biblioteka.kolobrzeg.pl\/index.php\/wp-json\/wp\/v2\/pages"}],"about":[{"href":"https:\/\/biblioteka.kolobrzeg.pl\/index.php\/wp-json\/wp\/v2\/types\/page"}],"author":[{"embeddable":true,"href":"https:\/\/biblioteka.kolobrzeg.pl\/index.php\/wp-json\/wp\/v2\/users\/1"}],"replies":[{"embeddable":true,"href":"https:\/\/biblioteka.kolobrzeg.pl\/index.php\/wp-json\/wp\/v2\/comments?post=6158"}],"version-history":[{"count":0,"href":"https:\/\/biblioteka.kolobrzeg.pl\/index.php\/wp-json\/wp\/v2\/pages\/6158\/revisions"}],"wp:featuredmedia":[{"embeddable":true,"href":"https:\/\/biblioteka.kolobrzeg.pl\/index.php\/wp-json\/wp\/v2\/media\/6159"}],"wp:attachment":[{"href":"https:\/\/biblioteka.kolobrzeg.pl\/index.php\/wp-json\/wp\/v2\/media?parent=6158"}],"curies":[{"name":"wp","href":"https:\/\/api.w.org\/{rel}","templated":true}]}}

Duch świąt &#8211; spektakl dla dzieci

<p><a href="https://biblioteka.kolobrzeg.pl/wp-content/uploads/2018/12/spektak1012183.jpg" data-rel="lightbox-image-0" data-rl_title="" data-rl_caption="" title=""><img loading="lazy" decoding="async" class="alignleft wp-image-6159 size-thumbnail" src="https://biblioteka.kolobrzeg.pl/wp-content/uploads/2018/12/spektak1012183-150x150.jpg" alt="Spektakl" width="150" height="150" srcset="https://biblioteka.kolobrzeg.pl/wp-content/uploads/2018/12/spektak1012183-150x150.jpg 150w, https://biblioteka.kolobrzeg.pl/wp-content/uploads/2018/12/spektak1012183-144x144.jpg 144w" sizes="auto, (max-width: 150px) 100vw, 150px" /></a>W Bibliotece odbył się mikołajkowy spektakl teatralny w wykonaniu aktorów z Krakowskiego Biura Promocji Kultury.<!--more--></p>
<p>W czasie przedstawienia aktorzy wraz z dziećmi wspólnie dekorowali choinkę, pakowali prezenty oraz rozmawiali o potrzebie przyjaźni i magii zbliżających się świąt.</p>
<p>Spektakl dofinansowała Gmina Miasto Kołobrzeg w ramach MPPiRPA.</p>
<p>&nbsp;</p>
<p>&nbsp;</p>
<p>&nbsp;</p>

		<style type="text/css">
			#gallery-1 {
				margin: auto;
			}
			#gallery-1 .gallery-item {
				float: left;
				margin-top: 10px;
				text-align: center;
				width: 25%;
			}
			#gallery-1 img {
				border: 2px solid #cfcfcf;
			}
			#gallery-1 .gallery-caption {
				margin-left: 0;
			}
			/* see gallery_shortcode() in wp-includes/media.php */
		</style>
		<div id='gallery-1' class='gallery galleryid-6158 gallery-columns-4 gallery-size-thumbnail'><dl class='gallery-item'>
			<dt class='gallery-icon landscape'>
				<a href='https://biblioteka.kolobrzeg.pl/wp-content/uploads/2018/12/spektak1012183.jpg' title="" data-rl_title="" class="rl-gallery-link" data-rl_caption="" data-rel="lightbox-gallery-1"><img loading="lazy" decoding="async" width="150" height="150" src="https://biblioteka.kolobrzeg.pl/wp-content/uploads/2018/12/spektak1012183-150x150.jpg" class="attachment-thumbnail size-thumbnail" alt="Spektakl" srcset="https://biblioteka.kolobrzeg.pl/wp-content/uploads/2018/12/spektak1012183-150x150.jpg 150w, https://biblioteka.kolobrzeg.pl/wp-content/uploads/2018/12/spektak1012183-144x144.jpg 144w" sizes="auto, (max-width: 150px) 100vw, 150px" /></a>
			</dt></dl><dl class='gallery-item'>
			<dt class='gallery-icon landscape'>
				<a href='https://biblioteka.kolobrzeg.pl/wp-content/uploads/2018/12/spektak1012184.jpg' title="" data-rl_title="" class="rl-gallery-link" data-rl_caption="" data-rel="lightbox-gallery-1"><img loading="lazy" decoding="async" width="150" height="150" src="https://biblioteka.kolobrzeg.pl/wp-content/uploads/2018/12/spektak1012184-150x150.jpg" class="attachment-thumbnail size-thumbnail" alt="Spektakl" srcset="https://biblioteka.kolobrzeg.pl/wp-content/uploads/2018/12/spektak1012184-150x150.jpg 150w, https://biblioteka.kolobrzeg.pl/wp-content/uploads/2018/12/spektak1012184-144x144.jpg 144w" sizes="auto, (max-width: 150px) 100vw, 150px" /></a>
			</dt></dl><dl class='gallery-item'>
			<dt class='gallery-icon landscape'>
				<a href='https://biblioteka.kolobrzeg.pl/wp-content/uploads/2018/12/spektak1012185.jpg' title="" data-rl_title="" class="rl-gallery-link" data-rl_caption="" data-rel="lightbox-gallery-1"><img loading="lazy" decoding="async" width="150" height="150" src="https://biblioteka.kolobrzeg.pl/wp-content/uploads/2018/12/spektak1012185-150x150.jpg" class="attachment-thumbnail size-thumbnail" alt="Spektakl" srcset="https://biblioteka.kolobrzeg.pl/wp-content/uploads/2018/12/spektak1012185-150x150.jpg 150w, https://biblioteka.kolobrzeg.pl/wp-content/uploads/2018/12/spektak1012185-144x144.jpg 144w" sizes="auto, (max-width: 150px) 100vw, 150px" /></a>
			</dt></dl><dl class='gallery-item'>
			<dt class='gallery-icon landscape'>
				<a href='https://biblioteka.kolobrzeg.pl/wp-content/uploads/2018/12/spektak1012186.jpg' title="" data-rl_title="" class="rl-gallery-link" data-rl_caption="" data-rel="lightbox-gallery-1"><img loading="lazy" decoding="async" width="150" height="150" src="https://biblioteka.kolobrzeg.pl/wp-content/uploads/2018/12/spektak1012186-150x150.jpg" class="attachment-thumbnail size-thumbnail" alt="Spektakl" srcset="https://biblioteka.kolobrzeg.pl/wp-content/uploads/2018/12/spektak1012186-150x150.jpg 150w, https://biblioteka.kolobrzeg.pl/wp-content/uploads/2018/12/spektak1012186-144x144.jpg 144w" sizes="auto, (max-width: 150px) 100vw, 150px" /></a>
			</dt></dl><br style="clear: both" /><dl class='gallery-item'>
			<dt class='gallery-icon landscape'>
				<a href='https://biblioteka.kolobrzeg.pl/wp-content/uploads/2018/12/spektak1012187.jpg' title="" data-rl_title="" class="rl-gallery-link" data-rl_caption="" data-rel="lightbox-gallery-1"><img loading="lazy" decoding="async" width="150" height="150" src="https://biblioteka.kolobrzeg.pl/wp-content/uploads/2018/12/spektak1012187-150x150.jpg" class="attachment-thumbnail size-thumbnail" alt="Spektakl" srcset="https://biblioteka.kolobrzeg.pl/wp-content/uploads/2018/12/spektak1012187-150x150.jpg 150w, https://biblioteka.kolobrzeg.pl/wp-content/uploads/2018/12/spektak1012187-144x144.jpg 144w" sizes="auto, (max-width: 150px) 100vw, 150px" /></a>
			</dt></dl><dl class='gallery-item'>
			<dt class='gallery-icon landscape'>
				<a href='https://biblioteka.kolobrzeg.pl/wp-content/uploads/2018/12/spektak1012181.jpg' title="" data-rl_title="" class="rl-gallery-link" data-rl_caption="" data-rel="lightbox-gallery-1"><img loading="lazy" decoding="async" width="150" height="150" src="https://biblioteka.kolobrzeg.pl/wp-content/uploads/2018/12/spektak1012181-150x150.jpg" class="attachment-thumbnail size-thumbnail" alt="Spektakl" srcset="https://biblioteka.kolobrzeg.pl/wp-content/uploads/2018/12/spektak1012181-150x150.jpg 150w, https://biblioteka.kolobrzeg.pl/wp-content/uploads/2018/12/spektak1012181-144x144.jpg 144w" sizes="auto, (max-width: 150px) 100vw, 150px" /></a>
			</dt></dl><dl class='gallery-item'>
			<dt class='gallery-icon landscape'>
				<a href='https://biblioteka.kolobrzeg.pl/wp-content/uploads/2018/12/spektak1012182.jpg' title="" data-rl_title="" class="rl-gallery-link" data-rl_caption="" data-rel="lightbox-gallery-1"><img loading="lazy" decoding="async" width="150" height="150" src="https://biblioteka.kolobrzeg.pl/wp-content/uploads/2018/12/spektak1012182-150x150.jpg" class="attachment-thumbnail size-thumbnail" alt="Spektakl" srcset="https://biblioteka.kolobrzeg.pl/wp-content/uploads/2018/12/spektak1012182-150x150.jpg 150w, https://biblioteka.kolobrzeg.pl/wp-content/uploads/2018/12/spektak1012182-144x144.jpg 144w" sizes="auto, (max-width: 150px) 100vw, 150px" /></a>
			</dt></dl>
			<br style='clear: both' />
		</div>

<p>W Bibliotece odbył się mikołajkowy spektakl teatralny w wykonaniu aktorów z Krakowskiego Biura Promocji Kultury.</p><p><a class="more-link block-button" href="https://biblioteka.kolobrzeg.pl/index.php/duch-swiat-spektakl-dla-dzieci/">Kontynuuj czytanie &raquo;</a></p>
